{"id":86,"date":"2019-02-06T14:54:28","date_gmt":"2019-02-06T13:54:28","guid":{"rendered":"http:\/\/centromedicolaser.webag.it\/?page_id=86"},"modified":"2019-03-01T15:38:57","modified_gmt":"2019-03-01T14:38:57","slug":"trattamenti-viso","status":"publish","type":"page","link":"https:\/\/www.centromedicolaser.it\/cmlstaging\/trattamenti-viso\/","title":{"rendered":"Trattamenti viso"},"content":{"rendered":"\n<h2 style=\"text-align:center\">IL VOLTO CHE DESIDERAVI <br><\/h2>\n\n\n\n<p style=\"text-align:center\">Una pelle pi\u00f9 liscia, un ovale pi\u00f9 proporzionato, uno sguardo pi\u00f9 intenso. Il tuo volto pu\u00f2 brillare di una nuova luce, grazie ai trattamenti viso del nostro centro di medicina estetica a Firenze. L\u2019utilizzo di sostanze naturali e biocompatibili, insieme alla potenza del laser, sono in grado di risolvere imperfezioni e segni del tempo, con un finale del tutto naturale. Scopri tutti i nostri trattamenti dedicati alla cura del viso. <br><br><\/p>\n\n\n\n<div class=\"title-row\"><span><\/span><\/div>\n\n\n\n\t\t<div class=\"row auto-clear\">\n\t\t\t\t\t\t\t<div class=\"col-xl-4 col-lg-4 col-md-4 col-sm-6\">\n\t\t\t\t\t\n<div class=\"block-image-title text-center\">\n\t<a href=\"https:\/\/www.centromedicolaser.it\/cmlstaging\/medicina-estetica-firenze\/trattamenti-viso\/coolpeel\/\">\n\t\t<img src=\"https:\/\/www.centromedicolaser.it\/cmlstaging\/wp-content\/themes\/webag\/templates-default\/img\/t.png\" data-src=\"https:\/\/www.centromedicolaser.it\/cmlstaging\/wp-content\/uploads\/2022\/07\/medicina-estetica-coolpeel-768x461.jpg\" class=\"img-responsive lazy w-100\" alt=\"CoolPeel\u00ae\">\n\t<\/a>\n\t<div class=\"title\">\n\t\t<a href=\"https:\/\/www.centromedicolaser.it\/cmlstaging\/medicina-estetica-firenze\/trattamenti-viso\/coolpeel\/\" class=\"color-white\">\n\t\t\t<h4>CoolPeel\u00ae<\/h4>\n\t\t<\/a>\n\t<\/div>\n<\/div>\t\t\t\t<\/div>\n\t\t\t\t\t\t\t<div class=\"col-xl-4 col-lg-4 col-md-4 col-sm-6\">\n\t\t\t\t\t\n<div class=\"block-image-title text-center\">\n\t<a href=\"https:\/\/www.centromedicolaser.it\/cmlstaging\/medicina-estetica-firenze\/trattamenti-viso\/blefaroplastica-non-chirurgica\/\">\n\t\t<img src=\"https:\/\/www.centromedicolaser.it\/cmlstaging\/wp-content\/themes\/webag\/templates-default\/img\/t.png\" data-src=\"https:\/\/www.centromedicolaser.it\/cmlstaging\/wp-content\/uploads\/2021\/10\/blefaroplastica-2.jpg\" class=\"img-responsive lazy w-100\" alt=\"Blefaroplastica non chirurgica\">\n\t<\/a>\n\t<div class=\"title\">\n\t\t<a href=\"https:\/\/www.centromedicolaser.it\/cmlstaging\/medicina-estetica-firenze\/trattamenti-viso\/blefaroplastica-non-chirurgica\/\" class=\"color-white\">\n\t\t\t<h4>Blefaroplastica non chirurgica<\/h4>\n\t\t<\/a>\n\t<\/div>\n<\/div>\t\t\t\t<\/div>\n\t\t\t\t\t\t\t<div class=\"col-xl-4 col-lg-4 col-md-4 col-sm-6\">\n\t\t\t\t\t\n<div class=\"block-image-title text-center\">\n\t<a href=\"https:\/\/www.centromedicolaser.it\/cmlstaging\/medicina-estetica-firenze\/trattamenti-viso\/rinofiller\/\">\n\t\t<img src=\"https:\/\/www.centromedicolaser.it\/cmlstaging\/wp-content\/themes\/webag\/templates-default\/img\/t.png\" data-src=\"https:\/\/www.centromedicolaser.it\/cmlstaging\/wp-content\/uploads\/2021\/07\/trattamenti-viso-rinofiller-2-768x479.jpg\" class=\"img-responsive lazy w-100\" alt=\"Rinofiller\">\n\t<\/a>\n\t<div class=\"title\">\n\t\t<a href=\"https:\/\/www.centromedicolaser.it\/cmlstaging\/medicina-estetica-firenze\/trattamenti-viso\/rinofiller\/\" class=\"color-white\">\n\t\t\t<h4>Rinofiller<\/h4>\n\t\t<\/a>\n\t<\/div>\n<\/div>\t\t\t\t<\/div>\n\t\t\t\t\t\t\t<div class=\"col-xl-4 col-lg-4 col-md-4 col-sm-6\">\n\t\t\t\t\t\n<div class=\"block-image-title text-center\">\n\t<a href=\"https:\/\/www.centromedicolaser.it\/cmlstaging\/epilazione-medica-laser-viso-firenze\/\">\n\t\t<img src=\"https:\/\/www.centromedicolaser.it\/cmlstaging\/wp-content\/themes\/webag\/templates-default\/img\/t.png\" data-src=\"https:\/\/www.centromedicolaser.it\/cmlstaging\/wp-content\/uploads\/2019\/03\/epilazione-laser-viso.jpg\" class=\"img-responsive lazy w-100\" alt=\"Epilazione medica laser viso\">\n\t<\/a>\n\t<div class=\"title\">\n\t\t<a href=\"https:\/\/www.centromedicolaser.it\/cmlstaging\/epilazione-medica-laser-viso-firenze\/\" class=\"color-white\">\n\t\t\t<h4>Epilazione medica laser viso<\/h4>\n\t\t<\/a>\n\t<\/div>\n<\/div>\t\t\t\t<\/div>\n\t\t\t\t\t\t\t<div class=\"col-xl-4 col-lg-4 col-md-4 col-sm-6\">\n\t\t\t\t\t\n<div class=\"block-image-title text-center\">\n\t<a href=\"https:\/\/www.centromedicolaser.it\/cmlstaging\/rimozione-macchie-pelle-firenze\/\">\n\t\t<img src=\"https:\/\/www.centromedicolaser.it\/cmlstaging\/wp-content\/themes\/webag\/templates-default\/img\/t.png\" data-src=\"https:\/\/www.centromedicolaser.it\/cmlstaging\/wp-content\/uploads\/2019\/02\/rimozione-macchie.jpg\" class=\"img-responsive lazy w-100\" alt=\"Rimozione macchie\">\n\t<\/a>\n\t<div class=\"title\">\n\t\t<a href=\"https:\/\/www.centromedicolaser.it\/cmlstaging\/rimozione-macchie-pelle-firenze\/\" class=\"color-white\">\n\t\t\t<h4>Rimozione macchie<\/h4>\n\t\t<\/a>\n\t<\/div>\n<\/div>\t\t\t\t<\/div>\n\t\t\t\t\t\t\t<div class=\"col-xl-4 col-lg-4 col-md-4 col-sm-6\">\n\t\t\t\t\t\n<div class=\"block-image-title text-center\">\n\t<a href=\"https:\/\/www.centromedicolaser.it\/cmlstaging\/tossina-botulinica-firenze\/\">\n\t\t<img src=\"https:\/\/www.centromedicolaser.it\/cmlstaging\/wp-content\/themes\/webag\/templates-default\/img\/t.png\" data-src=\"https:\/\/www.centromedicolaser.it\/cmlstaging\/wp-content\/uploads\/2019\/02\/sfondo-banner-tossina-bot.jpg\" class=\"img-responsive lazy w-100\" alt=\"Tossina Botulinica\">\n\t<\/a>\n\t<div class=\"title\">\n\t\t<a href=\"https:\/\/www.centromedicolaser.it\/cmlstaging\/tossina-botulinica-firenze\/\" class=\"color-white\">\n\t\t\t<h4>Tossina Botulinica<\/h4>\n\t\t<\/a>\n\t<\/div>\n<\/div>\t\t\t\t<\/div>\n\t\t\t\t\t\t\t<div class=\"col-xl-4 col-lg-4 col-md-4 col-sm-6\">\n\t\t\t\t\t\n<div class=\"block-image-title text-center\">\n\t<a href=\"https:\/\/www.centromedicolaser.it\/cmlstaging\/radiofrequenza-esodermica-firenze\/\">\n\t\t<img src=\"https:\/\/www.centromedicolaser.it\/cmlstaging\/wp-content\/themes\/webag\/templates-default\/img\/t.png\" data-src=\"https:\/\/www.centromedicolaser.it\/cmlstaging\/wp-content\/uploads\/2019\/02\/radiofrequenza-esodermica.jpg\" class=\"img-responsive lazy w-100\" alt=\"Radiofrequenza Esodermica\">\n\t<\/a>\n\t<div class=\"title\">\n\t\t<a href=\"https:\/\/www.centromedicolaser.it\/cmlstaging\/radiofrequenza-esodermica-firenze\/\" class=\"color-white\">\n\t\t\t<h4>Radiofrequenza Esodermica<\/h4>\n\t\t<\/a>\n\t<\/div>\n<\/div>\t\t\t\t<\/div>\n\t\t\t\t\t\t\t<div class=\"col-xl-4 col-lg-4 col-md-4 col-sm-6\">\n\t\t\t\t\t\n<div class=\"block-image-title text-center\">\n\t<a href=\"https:\/\/www.centromedicolaser.it\/cmlstaging\/peeling-firenze\/\">\n\t\t<img src=\"https:\/\/www.centromedicolaser.it\/cmlstaging\/wp-content\/themes\/webag\/templates-default\/img\/t.png\" data-src=\"https:\/\/www.centromedicolaser.it\/cmlstaging\/wp-content\/uploads\/2019\/02\/peeling.jpg\" class=\"img-responsive lazy w-100\" alt=\"Peeling\">\n\t<\/a>\n\t<div class=\"title\">\n\t\t<a href=\"https:\/\/www.centromedicolaser.it\/cmlstaging\/peeling-firenze\/\" class=\"color-white\">\n\t\t\t<h4>Peeling<\/h4>\n\t\t<\/a>\n\t<\/div>\n<\/div>\t\t\t\t<\/div>\n\t\t\t\t\t\t\t<div class=\"col-xl-4 col-lg-4 col-md-4 col-sm-6\">\n\t\t\t\t\t\n<div class=\"block-image-title text-center\">\n\t<a href=\"https:\/\/www.centromedicolaser.it\/cmlstaging\/laser-resurfacing-firenze\/\">\n\t\t<img src=\"https:\/\/www.centromedicolaser.it\/cmlstaging\/wp-content\/themes\/webag\/templates-default\/img\/t.png\" data-src=\"https:\/\/www.centromedicolaser.it\/cmlstaging\/wp-content\/uploads\/2019\/02\/sfondo-banner-laser.jpg\" class=\"img-responsive lazy w-100\" alt=\"Laser Resurfacing\">\n\t<\/a>\n\t<div class=\"title\">\n\t\t<a href=\"https:\/\/www.centromedicolaser.it\/cmlstaging\/laser-resurfacing-firenze\/\" class=\"color-white\">\n\t\t\t<h4>Laser Resurfacing<\/h4>\n\t\t<\/a>\n\t<\/div>\n<\/div>\t\t\t\t<\/div>\n\t\t\t\t\t\t\t<div class=\"col-xl-4 col-lg-4 col-md-4 col-sm-6\">\n\t\t\t\t\t\n<div class=\"block-image-title text-center\">\n\t<a href=\"https:\/\/www.centromedicolaser.it\/cmlstaging\/filler-firenze\/\">\n\t\t<img src=\"https:\/\/www.centromedicolaser.it\/cmlstaging\/wp-content\/themes\/webag\/templates-default\/img\/t.png\" data-src=\"https:\/\/www.centromedicolaser.it\/cmlstaging\/wp-content\/uploads\/2019\/02\/filler.jpg\" class=\"img-responsive lazy w-100\" alt=\"Filler\">\n\t<\/a>\n\t<div class=\"title\">\n\t\t<a href=\"https:\/\/www.centromedicolaser.it\/cmlstaging\/filler-firenze\/\" class=\"color-white\">\n\t\t\t<h4>Filler<\/h4>\n\t\t<\/a>\n\t<\/div>\n<\/div>\t\t\t\t<\/div>\n\t\t\t\t\t\t\t<div class=\"col-xl-4 col-lg-4 col-md-4 col-sm-6\">\n\t\t\t\t\t\n<div class=\"block-image-title text-center\">\n\t<a href=\"https:\/\/www.centromedicolaser.it\/cmlstaging\/biostimolazione-firenze\/\">\n\t\t<img src=\"https:\/\/www.centromedicolaser.it\/cmlstaging\/wp-content\/themes\/webag\/templates-default\/img\/t.png\" data-src=\"https:\/\/www.centromedicolaser.it\/cmlstaging\/wp-content\/uploads\/2019\/02\/sfondo-banner-biostimolazione.jpg\" class=\"img-responsive lazy w-100\" alt=\"Biostimolazione\">\n\t<\/a>\n\t<div class=\"title\">\n\t\t<a href=\"https:\/\/www.centromedicolaser.it\/cmlstaging\/biostimolazione-firenze\/\" class=\"color-white\">\n\t\t\t<h4>Biostimolazione<\/h4>\n\t\t<\/a>\n\t<\/div>\n<\/div>\t\t\t\t<\/div>\n\t\t\t\t\t\t\t<div class=\"col-xl-4 col-lg-4 col-md-4 col-sm-6\">\n\t\t\t\t\t\n<div class=\"block-image-title text-center\">\n\t<a href=\"https:\/\/www.centromedicolaser.it\/cmlstaging\/agarosio-firenze\/\">\n\t\t<img src=\"https:\/\/www.centromedicolaser.it\/cmlstaging\/wp-content\/themes\/webag\/templates-default\/img\/t.png\" data-src=\"https:\/\/www.centromedicolaser.it\/cmlstaging\/wp-content\/uploads\/2019\/02\/sfondo-banner-agarosio.jpg\" class=\"img-responsive lazy w-100\" alt=\"Agarosio\">\n\t<\/a>\n\t<div class=\"title\">\n\t\t<a href=\"https:\/\/www.centromedicolaser.it\/cmlstaging\/agarosio-firenze\/\" class=\"color-white\">\n\t\t\t<h4>Agarosio<\/h4>\n\t\t<\/a>\n\t<\/div>\n<\/div>\t\t\t\t<\/div>\n\t\t\t\t\t<\/div>\n","protected":false},"excerpt":{"rendered":"<p>Ringiovanire \u00e8 possibile con i nuovi trattamenti viso del nostro centro medico: cancella i segni del tempo e dona una nuova luce al tuo volto<\/p>\n","protected":false},"author":2,"featured_media":640,"parent":83,"menu_order":51,"comment_status":"closed","ping_status":"closed","template":"","meta":{"inline_featured_image":false,"_links_to":"","_links_to_target":""},"yoast_head":"<!-- This site is optimized with the Yoast SEO plugin v15.7 - https:\/\/yoast.com\/wordpress\/plugins\/seo\/ -->\n<meta name=\"description\" content=\"Grazie ai trattamenti viso del nostro centro di medicina estetica puoi ottenere finalmente un volto pi\u00f9 armonioso, bello e giovane in maniera naturale\" \/>\n<meta name=\"robots\" content=\"noindex, follow, max-snippet:-1, max-image-preview:large, max-video-preview:-1\" \/>\n<meta property=\"og:locale\" content=\"it_IT\" \/>\n<meta property=\"og:type\" content=\"article\" \/>\n<meta property=\"og:title\" content=\"Trattamenti viso medicina estetica | Centro Medico Laser Firenze Scandicci\" \/>\n<meta property=\"og:description\" content=\"Grazie ai trattamenti viso del nostro centro di medicina estetica puoi ottenere finalmente un volto pi\u00f9 armonioso, bello e giovane in maniera naturale\" \/>\n<meta property=\"og:url\" content=\"https:\/\/www.centromedicolaser.it\/cmlstaging\/trattamenti-viso\/\" \/>\n<meta property=\"og:site_name\" content=\"Centro Medico Laser\" \/>\n<meta property=\"article:modified_time\" content=\"2019-03-01T14:38:57+00:00\" \/>\n<meta property=\"og:image\" content=\"https:\/\/www.centromedicolaser.it\/cmlstaging\/wp-content\/uploads\/2019\/02\/trattamenti-viso.jpg\" \/>\n\t<meta property=\"og:image:width\" content=\"650\" \/>\n\t<meta property=\"og:image:height\" content=\"405\" \/>\n<meta name=\"twitter:card\" content=\"summary_large_image\" \/>\n<script type=\"application\/ld+json\" class=\"yoast-schema-graph\">{\"@context\":\"https:\/\/schema.org\",\"@graph\":[{\"@type\":\"WebSite\",\"@id\":\"https:\/\/www.centromedicolaser.it\/cmlstaging\/#website\",\"url\":\"https:\/\/www.centromedicolaser.it\/cmlstaging\/\",\"name\":\"Centro Medico Laser\",\"description\":\"Medicina estetica, Laserterapia, Dermatologia.\",\"potentialAction\":[{\"@type\":\"SearchAction\",\"target\":\"https:\/\/www.centromedicolaser.it\/cmlstaging\/?s={search_term_string}\",\"query-input\":\"required name=search_term_string\"}],\"inLanguage\":\"it-IT\"},{\"@type\":\"ImageObject\",\"@id\":\"https:\/\/www.centromedicolaser.it\/cmlstaging\/trattamenti-viso\/#primaryimage\",\"inLanguage\":\"it-IT\",\"url\":\"https:\/\/www.centromedicolaser.it\/cmlstaging\/wp-content\/uploads\/2019\/02\/trattamenti-viso.jpg\",\"width\":650,\"height\":405,\"caption\":\"Trattamenti viso\"},{\"@type\":\"WebPage\",\"@id\":\"https:\/\/www.centromedicolaser.it\/cmlstaging\/trattamenti-viso\/#webpage\",\"url\":\"https:\/\/www.centromedicolaser.it\/cmlstaging\/trattamenti-viso\/\",\"name\":\"Trattamenti viso medicina estetica | Centro Medico Laser Firenze Scandicci\",\"isPartOf\":{\"@id\":\"https:\/\/www.centromedicolaser.it\/cmlstaging\/#website\"},\"primaryImageOfPage\":{\"@id\":\"https:\/\/www.centromedicolaser.it\/cmlstaging\/trattamenti-viso\/#primaryimage\"},\"datePublished\":\"2019-02-06T13:54:28+00:00\",\"dateModified\":\"2019-03-01T14:38:57+00:00\",\"description\":\"Grazie ai trattamenti viso del nostro centro di medicina estetica puoi ottenere finalmente un volto pi\\u00f9 armonioso, bello e giovane in maniera naturale\",\"inLanguage\":\"it-IT\",\"potentialAction\":[{\"@type\":\"ReadAction\",\"target\":[\"https:\/\/www.centromedicolaser.it\/cmlstaging\/trattamenti-viso\/\"]}]}]}<\/script>\n<!-- \/ Yoast SEO plugin. -->","_links":{"self":[{"href":"https:\/\/www.centromedicolaser.it\/cmlstaging\/wp-json\/wp\/v2\/pages\/86"}],"collection":[{"href":"https:\/\/www.centromedicolaser.it\/cmlstaging\/wp-json\/wp\/v2\/pages"}],"about":[{"href":"https:\/\/www.centromedicolaser.it\/cmlstaging\/wp-json\/wp\/v2\/types\/page"}],"author":[{"embeddable":true,"href":"https:\/\/www.centromedicolaser.it\/cmlstaging\/wp-json\/wp\/v2\/users\/2"}],"replies":[{"embeddable":true,"href":"https:\/\/www.centromedicolaser.it\/cmlstaging\/wp-json\/wp\/v2\/comments?post=86"}],"version-history":[{"count":10,"href":"https:\/\/www.centromedicolaser.it\/cmlstaging\/wp-json\/wp\/v2\/pages\/86\/revisions"}],"predecessor-version":[{"id":887,"href":"https:\/\/www.centromedicolaser.it\/cmlstaging\/wp-json\/wp\/v2\/pages\/86\/revisions\/887"}],"up":[{"embeddable":true,"href":"https:\/\/www.centromedicolaser.it\/cmlstaging\/wp-json\/wp\/v2\/pages\/83"}],"wp:featuredmedia":[{"embeddable":true,"href":"https:\/\/www.centromedicolaser.it\/cmlstaging\/wp-json\/wp\/v2\/media\/640"}],"wp:attachment":[{"href":"https:\/\/www.centromedicolaser.it\/cmlstaging\/wp-json\/wp\/v2\/media?parent=86"}],"curies":[{"name":"wp","href":"https:\/\/api.w.org\/{rel}","templated":true}]}}